{"id":123,"date":"2024-09-02T16:29:37","date_gmt":"2024-09-02T19:29:37","guid":{"rendered":"https:\/\/cmmacuco.rj.gov.br\/cmm\/?page_id=123"},"modified":"2024-09-09T15:30:54","modified_gmt":"2024-09-09T18:30:54","slug":"lei-geral-de-protecao-de-dados","status":"publish","type":"page","link":"https:\/\/cmmacuco.rj.gov.br\/cmm\/portal-da-transparencia\/lei-geral-de-protecao-de-dados\/","title":{"rendered":"Lei Geral de Prote\u00e7\u00e3o de Dados"},"content":{"rendered":"<style id=\"sp_tab_dynamic_style9893\">#sp-tabpro-wrapper_9893.sp-tab__lay-default .sp-tab__tab-content {width: 100%;}#sp-tabpro-wrapper_9893 .animated {-webkit-animation-duration: 500ms;animation-duration: 500ms;}#sp-wp-tabs-wrapper_9893 .sp-tab__nav { justify-content: flex-start; }#sp-wp-tabs-wrapper_9893.sp-tab__lay-default.sp-tab__horizontal-bottom {display: flex;flex-direction: column-reverse;}#sp-wp-tabs-wrapper_9893.sp-tab__lay-default.sp-tab__horizontal-bottom > ul {border-top: 1px solid #0a0a0a;border-bottom: 0;margin-top: 0;}#sp-wp-tabs-wrapper_9893.sp-tab__lay-default.sp-tab__horizontal-bottom > ul > li .sp-tab__nav-link.sp-tab__active {border-color: transparent #0a0a0a#0a0a0a;margin-top: -1px;}#sp-wp-tabs-wrapper_9893.sp-tab__lay-default.sp-tab__horizontal-bottom > ul > li .sp-tab__nav-link,#sp-wp-tabs-wrapper_9893.sp-tab__lay-default.sp-tab__horizontal-bottom > ul > li a,#sp-wp-tabs-wrapper_9893.sp-tab__lay-default.sp-tab__horizontal-bottom > ul > .sp-tab__nav-item {border-top: 0;border-top-left-radius: 0;border-top-right-radius: 0;border-bottom-left-radius: 2px;border-bottom-right-radius: 2px;}#sp-wp-tabs-wrapper_9893.sp-tab__lay-default.sp-tab__horizontal-bottom > ul {border-bottom: none;}#sp-wp-tabs-wrapper_9893.sp-tab__lay-default.sp-tab__horizontal-bottom .sp-tab__tab-content .sp-tab__tab-pane {border-top: 1px solid #cccccc;border-bottom: 0;}#sp-wp-tabs-wrapper_9893.sp-tab__lay-default .sp-tab__tab-content .sp-tab-content > ul,#sp-wp-tabs-wrapper_9893.sp-tab__lay-default .sp-tab__tab-content .sp-tab-content > ol {border-bottom: none;}#sp-wp-tabs-wrapper_9893 .sp-tab__nav-tabs .sp-tab__nav-item.show .sp-tab__nav-link,#sp-wp-tabs-wrapper_9893.sp-tab__lay-default ul li .sp-tab__nav-link.sp-tab__active {border-color: #0a0a0a#0a0a0a transparent;}#sp-wp-tabs-wrapper_9893 > .sp-tab__nav-tabs .sp-tab__nav-link.sp-tab__active .sp-tab__tab_title,#sp-wp-tabs-wrapper_9893.sp-tab__lay-default .sp-tab__nav-link > .sp-tab__card-header {color: #ffffff;}#sp-wp-tabs-wrapper_9893.sp-tab__lay-default > ul > li > .sp-tab__nav-link,#sp-wp-tabs-wrapper_9893.sp-tab__lay-default > ul > li > a {cursor: pointer;border-color: #0a0a0a;padding-top: 15px;padding-right: 15px;padding-bottom: 15px;padding-left: 15px;}#sp-wp-tabs-wrapper_9893 > .sp-tab__nav-tabs .sp-tab__nav-link {border: 1px solid #0a0a0a;height: 100%;}#sp-wp-tabs-wrapper_9893.sp-tab__lay-default > ul > li .sp-tab__nav-link,#sp-wp-tabs-wrapper_9893.sp-tab__lay-default > ul > li a,#sp-wp-tabs-wrapper_9893.sp-tab__lay-default > ul > .sp-tab__nav-item {border-top-left-radius: 2px;border-top-right-radius: 2px;}#sp-wp-tabs-wrapper_9893 .sp-tab__nav-tabs .sp-tab__nav-item {margin-bottom: -1px; }#sp-wp-tabs-wrapper_9893.sp-tab__lay-default > ul .sp-tab__nav-item {margin-right: 0px;}#sp-wp-tabs-wrapper_9893.sp-tab__lay-default.sp-tab__horizontal-bottom > ul .sp-tab__nav-item {margin-right: 0px;margin-top: 0;}#sp-wp-tabs-wrapper_9893.sp-tab__lay-default > ul .sp-tab__nav-item .sp-tab__nav-link:hover .sp-tab__tab_title,#sp-wp-tabs-wrapper_9893.sp-tab__lay-default > ul .sp-tab__nav-item a:hover .sp-tab__tab_title,#sp-wp-tabs-wrapper_9893.sp-tab__lay-default .sp-tab__nav-link.collapsed .sp-tab__card-header:hover {color: #ffffff;transition: .3s;}#sp-wp-tabs-wrapper_9893.sp-tab__lay-default > ul .sp-tab__nav-item,#sp-wp-tabs-wrapper_9893.sp-tab__lay-default .sp-tab__nav-link.collapsed > .sp-tab__card-header {background-color: #bfbfbf;transition: 0.3s;}#sp-wp-tabs-wrapper_9893 > .sp-tab__nav-tabs > .sp-tab__nav-item.show .sp-tab__nav-link,#sp-wp-tabs-wrapper_9893 > .sp-tab__nav-tabs > .sp-tab__nav-item .sp-tab__nav-link.sp-tab__active,#sp-wp-tabs-wrapper_9893.sp-tab__lay-default .sp-tab__nav-link > .sp-tab__card-header {background-color: #0a0a0a;}#sp-tabs-wrapper_9893.sp-tab__lay-default > ul .sp-tab__nav-item .sp-tab__nav-link:not(.sp-tab__active):hover,#sp-tabs-wrapper_9893.sp-tab__lay-default .sp-tab__tab-content > .sp-tab__tab-pane .sp-tab__card-header:hover {background-color: #0a0a0a;}#sp-wp-tabs-wrapper_9893.sp-tab__lay-default > ul .sp-tab__nav-item:not(.sp-tab__active):hover,#sp-wp-tabs-wrapper_9893.sp-tab__lay-default .sp-tab__nav-link.collapsed > .sp-tab__card-header:hover {background-color: #0a0a0a;}#sp-wp-tabs-wrapper_9893.sp-tab__lay-default > ul .sp-tab__nav-item:last-child {margin-right: 0;}#sp-wp-tabs-wrapper_9893.sp-tab__lay-default > .sp-tab__tab-content .sp-tab__tab-pane {border: 1px solid #cccccc;padding-top: 20px;padding-right: 20px;padding-bottom: 20px;padding-left: 20px;background-color: #ffffff;}#sp-wp-tabs-wrapper_9893.sp-tab__lay-default > ul {border-bottom: 1px solid #cccccc;}#sp-wp-tabs-wrapper_9893.sp-tab__lay-default > .sp-tab__tab-content .sp-tab__tab-pane {border-top: 0px;}@media(max-width:480px) {#sp-wp-tabs-wrapper_9893.sp-tab__lay-default > ul li.sp-tab__nav-item {width: 100%;margin-right: 0px;}#sp-wp-tabs-wrapper_9893.sp-tab__lay-default > ul li.sp-tab__nav-item:last-child {margin-bottom: -1px;}}#sp-wp-tabs-wrapper_9893.sp-tab__lay-default > ul .sp-tab__nav-item .sp-tab__tab_title,#sp-wp-tabs-wrapper_9893.sp-tab__lay-default span > .sp-tab__card-header {font-weight: 600;font-style: normal;font-size: 16px;line-height: 22px;letter-spacing: 0px;color: #0a0a0a;margin: 0px;}#sp-wp-tabs-wrapper_9893.sp-tab__lay-default > .sp-tab__tab-content .sp-tab__tab-pane,#sp-wp-tabs-wrapper_9893.sp-tab__lay-default > .sp-tab__tab-content .sp-tab__tab-pane p {font-weight: 400;font-style: normal;font-size: 16px;line-height: 24px;letter-spacing: 0px;color: #444;}#sp-wp-tabs-wrapper_9893.sp-tab__lay-default > .sp-tab__tab-content .sp-tab__tab-pane ul li a, #sp-wp-tabs-wrapper_9893.sp-tab__lay-default .sp-tab__tab-content .sp-tab__tab-pane ol li a {color: #444;}<\/style>\t\t<div id=\"sp-wp-tabs-wrapper_9893\" class=\"sp-tab__lay-default\" data-preloader=\"1\" data-activemode=\"tabs-activator-event-click\" data-anchor_linking=\"1\">\n\t\t\t<div class=\"sp-tab__preloader\">\n\t\t<div class=\"sp-tab__spinner\">\n\t\t\t<div class=\"rect1\"><\/div>\n\t\t\t<div class=\"rect2\"><\/div>\n\t\t\t<div class=\"rect3\"><\/div>\n\t\t\t<div class=\"rect4\"><\/div>\n\t\t\t<div class=\"rect5\"><\/div>\n\t\t<\/div>\n\t<\/div>\n\t<ul class=\"sp-tab__nav sp-tab__nav-tabs\" id=\"sp-tab__ul\" role=\"tablist\">\n\t\t\t\t<li class=\"sp-tab__nav-item\" role=\"presentation\">\n\t\t\t\t<span class=\"sp-tab__nav-link sp-tab__active\" data-sptoggle=\"tab\" for=\"#tab-98931\" role=\"tab\" aria-controls=tab-98931 aria-selected=true tabindex=0>\n\t\t\t\t\t<span class=\"tab_title_area\"><H4 class=\"sp-tab__tab_title\">In\u00edcio<\/H4><\/span>\n\t\t\t\t<\/span>\n\t\t\t<\/li>\n\t\t\t\t\t\t<li class=\"sp-tab__nav-item\" role=\"presentation\">\n\t\t\t\t<span class=\"sp-tab__nav-link\" data-sptoggle=\"tab\" for=\"#tab-98932\" role=\"tab\" aria-controls=tab-98932 aria-selected=true tabindex=0>\n\t\t\t\t\t<span class=\"tab_title_area\"><H4 class=\"sp-tab__tab_title\">LGPD<\/H4><\/span>\n\t\t\t\t<\/span>\n\t\t\t<\/li>\n\t\t\t\t\t\t<li class=\"sp-tab__nav-item\" role=\"presentation\">\n\t\t\t\t<span class=\"sp-tab__nav-link\" data-sptoggle=\"tab\" for=\"#tab-98933\" role=\"tab\" aria-controls=tab-98933 aria-selected=true tabindex=0>\n\t\t\t\t\t<span class=\"tab_title_area\"><H4 class=\"sp-tab__tab_title\">Pol\u00edtica de Privacidade<\/H4><\/span>\n\t\t\t\t<\/span>\n\t\t\t<\/li>\n\t\t\t\t\t\t<li class=\"sp-tab__nav-item\" role=\"presentation\">\n\t\t\t\t<span class=\"sp-tab__nav-link\" data-sptoggle=\"tab\" for=\"#tab-98934\" role=\"tab\" aria-controls=tab-98934 aria-selected=true tabindex=0>\n\t\t\t\t\t<span class=\"tab_title_area\"><H4 class=\"sp-tab__tab_title\">Encarregado de dados<\/H4><\/span>\n\t\t\t\t<\/span>\n\t\t\t<\/li>\n\t\t\t\t\t\t<li class=\"sp-tab__nav-item\" role=\"presentation\">\n\t\t\t\t<span class=\"sp-tab__nav-link\" data-sptoggle=\"tab\" for=\"#tab-98935\" role=\"tab\" aria-controls=tab-98935 aria-selected=true tabindex=0>\n\t\t\t\t\t<span class=\"tab_title_area\"><H4 class=\"sp-tab__tab_title\">Contato<\/H4><\/span>\n\t\t\t\t<\/span>\n\t\t\t<\/li>\n\t\t\t<\/ul>\n<div class=\"sp-tab__tab-content\">\n\t\t\t\t<div id=\"tab-98931\" class=\"sp-tab__tab-pane sp-tab__show sp-tab__active\" role=\"tabpanel\">\n\t\t\t\t\t<div class=\"sp-tab-content animated fadeIn\"><p><img decoding=\"async\" class=\"alignnone size-full wp-image-9597\" src=\"https:\/\/www.cmmacuco.rj.gov.br\/img\/logos2023\/LDGD.webp\" alt=\"LGPD\" width=\"\" height=\"\" \/><\/p>\n<\/div>\n\t\t\t\t<\/div>\n\t\t\t\t\t\t\t\t<div id=\"tab-98932\" class=\"sp-tab__tab-pane \" role=\"tabpanel\">\n\t\t\t\t\t<div class=\"sp-tab-content animated fadeIn\"><div class=\"elementor-element elementor-element-33d5dea elementor-widget elementor-widget-text-editor\" data-id=\"33d5dea\" data-element_type=\"widget\" data-widget_type=\"text-editor.default\">\n<div class=\"elementor-widget-container\">\n<h3 class=\"elementor-text-editor elementor-clearfix\">A Lei Geral de Prote\u00e7\u00e3o de Dados\u00a0<strong>(LGPD)<\/strong>\u00a0Lei Federal N\u00b013.709\/18 disp\u00f5e sobre o tratamento de dados pessoais, nos meios f\u00edsicos e digitais , inclusive por pessoa jur\u00eddica de direito p\u00fablico, com o objetivo de proteger os direitos fundamentais da liberdade e de privacidade e o livre desenvolvimento da personalidade natural. As normas gerais contidas na Lei s\u00e3o de interesse nacional e devem ser observadas pela Uni\u00e3o, Estados, Distrito Federal e Munic\u00edpios.<\/h3>\n<\/div>\n<\/div>\n<div class=\"elementor-widget-container\"><\/div>\n<div class=\"elementor-widget-container\">\n<div class=\"elementor-text-editor elementor-clearfix\">\n<h3>No \u00e2mbito da LGPD, o tratamento dos dados pessoais pode ser realizado por dois agentes de tratamento \u2013 o Controlador e o Operador. Al\u00e9m deles, h\u00e1 a figura do Encarregado, que \u00e9 a pessoa indicada pelo Controlador para atuar como canal de comunica\u00e7\u00e3o entre o Controlador, o Operador, os(as) titulares dos dados e a Autoridade Nacional de Prote\u00e7\u00e3o de Dados (ANPD).<\/h3>\n<\/div>\n<\/div>\n<div class=\"elementor-widget-container\"><\/div>\n<div class=\"elementor-element elementor-element-9ed42c4 elementor-widget elementor-widget-text-editor\" data-id=\"9ed42c4\" data-element_type=\"widget\" data-widget_type=\"text-editor.default\">\n<div class=\"elementor-widget-container\">\n<div class=\"elementor-text-editor elementor-clearfix\">\n<h3>O compartilhamento dentro da administra\u00e7\u00e3o p\u00fablica, no \u00e2mbito da execu\u00e7\u00e3o de pol\u00edticas p\u00fablicas, \u00e9 previsto na lei e dispensa o consentimento espec\u00edfico. Contudo, o \u00f3rg\u00e3o que coleta deve informar com transpar\u00eancia qual dado ser\u00e1 compartilhado e com quem. Do outro lado, o \u00f3rg\u00e3o que solicita receber o compartilhamento precisa justificar esse acesso com base na execu\u00e7\u00e3o de uma pol\u00edtica p\u00fablica espec\u00edfica e claramente determinada, descrevendo o motivo da solicita\u00e7\u00e3o de acesso e o uso que ser\u00e1 feito com os dados. Informa\u00e7\u00f5es protegidas por sigilo seguem protegidas e sujeitas a normativos e regras espec\u00edficas.<\/h3>\n<\/div>\n<\/div>\n<\/div>\n<h3><a href=\"https:\/\/www.planalto.gov.br\/ccivil_03\/_Ato2015-2018\/2018\/Lei\/L13709compilado.htm\" target=\"_blank\" rel=\"noopener noreferrer\">Lei 13.709, 14 \/8\/18 - Lei Geral de Prote\u00e7\u00e3o de Dados<\/a><\/h3>\n<\/div>\n\t\t\t\t<\/div>\n\t\t\t\t\t\t\t\t<div id=\"tab-98933\" class=\"sp-tab__tab-pane \" role=\"tabpanel\">\n\t\t\t\t\t<div class=\"sp-tab-content animated fadeIn\"><h2><strong>Pol\u00edtica de Privacidade<\/strong><\/h2>\n<h4>Seja bem-vindo \u00e0 nossa Pol\u00edtica de Privacidade!<\/h4>\n<h4>Esta p\u00e1gina cont\u00e9m informa\u00e7\u00f5es sobre como tratamos os seus dados pessoais quando acessa o nosso site!<\/h4>\n<h4>A C\u00e2mara Municipal de Macuco se compromete a proteger a privacidade e a seguran\u00e7a dos visitantes de seu site.<\/h4>\n<h4>Pedimos que leia com aten\u00e7\u00e3o esta Pol\u00edtica de Privacidade. Ela descreve como s\u00e3o tratadas as informa\u00e7\u00f5es pessoais fornecidas por Voc\u00ea ao acessar e utilizar o Site. Caso Voc\u00ea n\u00e3o concorde com os termos e condi\u00e7\u00f5es abaixo, Voc\u00ea n\u00e3o deve utilizar e nem navegar pelo nosso Site.<\/h4>\n<h2>1 \u2013 SOBRE A COLETA DE DADOS PESSOAIS<\/h2>\n<h4>Quando voc\u00ea acessa nosso site, recebemos automaticamente o protocolo de internet do seu computador, endere\u00e7o de IP, navegador utilizado, caracter\u00edsticas do dispositivo de acesso, links e p\u00e1ginas acessadas, a fim de obter informa\u00e7\u00f5es que nos ajudam a aprender sobre seu navegador e sistema operacional, por meio do uso de algumas tecnologias, como cookies.<\/h4>\n<h2>2 \u2013 O QUE FAREMOS COM ESTA INFORMA\u00c7\u00c3O?<\/h2>\n<h4>O site se compromete a aplicar as medidas t\u00e9cnicas e organizativas aptas a proteger os dados pessoais de acessos n\u00e3o autorizados e de situa\u00e7\u00f5es de destrui\u00e7\u00e3o, perda, altera\u00e7\u00e3o, comunica\u00e7\u00e3o ou difus\u00e3o de tais dados.<\/h4>\n<h4>Utilizaremos as informa\u00e7\u00f5es enviadas para retornar o seu contato. E-mail Marketing ser\u00e1 realizado apenas caso voc\u00ea permita. Nestes e-mails voc\u00ea poder\u00e1 receber not\u00edcias sobre a C\u00e2mara Municipal de Macuco.<\/h4>\n<h2>3 \u2013 CONSENTIMENTO<\/h2>\n<h4>Eventualmente, outros tipos de dados, n\u00e3o previstos expressamente nesta Pol\u00edtica de Privacidade, poder\u00e3o ser coletados, desde que sejam fornecidos com o consentimento do visitante, ou, ainda, que a coleta seja permitida com fundamento em outra base legal prevista em lei, especialmente no que disp\u00f5e o inciso III, do Art. 7\u00ba, da LGPD.<\/h4>\n<h2>4 \u2013 COMPARTILHAMENTO E DIVULGA\u00c7\u00c3O<\/h2>\n<h4>Tendo em vista a preserva\u00e7\u00e3o de sua privacidade, n\u00f3s n\u00e3o compartilharemos seus dados pessoais com nenhum terceiro n\u00e3o autorizado. Contudo, \u00e9 poss\u00edvel que o fa\u00e7amos para cumprir determina\u00e7\u00e3o legal ou regulat\u00f3ria ou, ainda, para cumprir ordem expedida por autoridade p\u00fablica competente.<\/h4>\n<h2>5 \u2013 SEGURAN\u00c7A E TEMPO DE ARMAZENAMENTO<\/h2>\n<h4>Para proteger suas informa\u00e7\u00f5es pessoais, tomamos precau\u00e7\u00f5es razo\u00e1veis e seguimos as melhores pr\u00e1ticas da ind\u00fastria para nos certificar que elas n\u00e3o ser\u00e3o perdidas inadequadamente, usurpadas, acessadas, divulgadas, alteradas ou destru\u00eddas. Ou seja, n\u00f3s armazenamos seus Dados Pessoais de forma segura em locais de acesso restrito, pelo prazo previsto na legisla\u00e7\u00e3o aplic\u00e1vel.<\/h4>\n<h4>Seus dados pessoais coletados ser\u00e3o utilizados e armazenados durante o tempo necess\u00e1rio para a presta\u00e7\u00e3o do servi\u00e7o ou para que as finalidades elencadas na presente Pol\u00edtica de Privacidade sejam atingidas, considerando os direitos dos titulares dos dados e dos controladores.<\/h4>\n<h4>O armazenamento de dados coletados reflete o nosso compromisso com a seguran\u00e7a e privacidade dos seus dados. Empregamos medidas e solu\u00e7\u00f5es t\u00e9cnicas de prote\u00e7\u00e3o aptas a garantir a confidencialidade, integridade e inviolabilidade dos seus dados. Al\u00e9m disso, tamb\u00e9m contamos com medidas de seguran\u00e7a apropriadas aos riscos e com controle de acesso \u00e0s informa\u00e7\u00f5es armazenadas.<\/h4>\n<h2>6 \u2013 ALTERA\u00c7\u00d5ES PARA ESSA POL\u00cdTICA DE PRIVACIDADE<\/h2>\n<h4>Reservamos o direito de modificar essa pol\u00edtica de privacidade a qualquer momento. Altera\u00e7\u00f5es e esclarecimentos v\u00e3o surtir efeito imediatamente ap\u00f3s sua publica\u00e7\u00e3o no site. Se fizermos altera\u00e7\u00f5es de materiais para essa pol\u00edtica, iremos notific\u00e1-lo aqui que eles foram atualizados, para que voc\u00ea tenha ci\u00eancia sobre quais informa\u00e7\u00f5es coletamos, como as usamos, e sob que circunst\u00e2ncias, se alguma, usamos e\/ou divulgamos elas.<\/h4>\n<h2>7 \u2013 COMO FAZER UMA SOLICITA\u00c7\u00c3O OU RECLAMA\u00c7\u00c3O<\/h2>\n<h4>Sem preju\u00edzo de qualquer outra via de recurso administrativo ou judicial, todos os titulares de dados t\u00eam direito a apresentar reclama\u00e7\u00e3o a uma autoridade de controle. A reclama\u00e7\u00e3o poder\u00e1 ser feita \u00e0 autoridade da sede do site, do pa\u00eds de resid\u00eancia habitual do usu\u00e1rio, do seu local de trabalho ou do local onde foi alegadamente praticada a infra\u00e7\u00e3o.<\/h4>\n<h2>8 \u2013 POL\u00cdTICA DE COOKIES<\/h2>\n<h4>O que s\u00e3o cookies? Como \u00e9 pr\u00e1tica comum em quase todos os sites profissionais, este site usa cookies, que s\u00e3o pequenos arquivos baixados no seu computador, para melhorar sua experi\u00eancia. Esta p\u00e1gina descreve quais informa\u00e7\u00f5es eles coletam, como as usamos e por que \u00e0s vezes precisamos armazenar esses cookies. Tamb\u00e9m compartilharemos como voc\u00ea pode impedir que esses cookies sejam armazenados, no entanto, isso pode fazer o downgrade ou 'quebrar' certos elementos da funcionalidade do site.<\/h4>\n<h4>Como usamos os cookies? Utilizamos cookies por v\u00e1rios motivos, detalhados abaixo. Infelizmente, na maioria dos casos, n\u00e3o existem op\u00e7\u00f5es padr\u00e3o do setor para desativar os cookies sem desativar completamente a funcionalidade e os recursos que eles adicionam a este site. \u00c9 recomend\u00e1vel que voc\u00ea deixe todos os cookies se n\u00e3o tiver certeza se precisa ou n\u00e3o deles, caso sejam usados para fornecer um servi\u00e7o que voc\u00ea usa.<\/h4>\n<h4>Desativar cookies: Voc\u00ea pode impedir a configura\u00e7\u00e3o de cookies ajustando as configura\u00e7\u00f5es do seu navegador (consulte a Ajuda do navegador para saber como fazer isso). Esteja ciente de que a desativa\u00e7\u00e3o de cookies afetar\u00e1 a funcionalidade deste e de muitos outros sites que voc\u00ea visita. A desativa\u00e7\u00e3o de cookies geralmente resultar\u00e1 na desativa\u00e7\u00e3o de determinadas funcionalidades e recursos deste site. Portanto, \u00e9 recomend\u00e1vel que voc\u00ea n\u00e3o desative os cookies.<\/h4>\n<h4>Cookies que definimos<\/h4>\n<h4>Cookies relacionados \u00e0 conta: Se voc\u00ea criar uma conta conosco, usaremos cookies para o gerenciamento do processo de inscri\u00e7\u00e3o e administra\u00e7\u00e3o geral. Esses cookies geralmente ser\u00e3o exclu\u00eddos quando voc\u00ea sair do sistema, por\u00e9m, em alguns casos, eles poder\u00e3o permanecer posteriormente para lembrar as prefer\u00eancias do seu site ao sair.<\/h4>\n<h4>Cookies relacionados ao login: Utilizamos cookies quando voc\u00ea est\u00e1 logado, para que possamos lembrar dessa a\u00e7\u00e3o. Isso evita que voc\u00ea precise fazer login sempre que visitar uma nova p\u00e1gina. Esses cookies s\u00e3o normalmente removidos ou limpos quando voc\u00ea efetua logout para garantir que voc\u00ea possa acessar apenas a recursos e \u00e1reas restritas ao efetuar login.<\/h4>\n<h4>Pedidos processando cookies relacionados: Este site oferece facilidades de com\u00e9rcio eletr\u00f4nico ou pagamento e alguns cookies s\u00e3o essenciais para garantir que seu pedido seja lembrado entre as p\u00e1ginas, para que possamos process\u00e1-lo adequadamente.<\/h4>\n<h4>Cookies relacionados a pesquisas: Periodicamente, oferecemos pesquisas e question\u00e1rios para fornecer informa\u00e7\u00f5es interessantes, ferramentas \u00fateis ou para entender nossa base de usu\u00e1rios com mais precis\u00e3o. Essas pesquisas podem usar cookies para lembrar quem j\u00e1 participou numa pesquisa ou para fornecer resultados precisos ap\u00f3s a altera\u00e7\u00e3o das p\u00e1ginas.<\/h4>\n<h4>Cookies relacionados a formul\u00e1rios: Quando voc\u00ea envia dados por meio de um formul\u00e1rio como os encontrados nas p\u00e1ginas de contato ou nos formul\u00e1rios de coment\u00e1rios, os cookies podem ser configurados para lembrar os detalhes do usu\u00e1rio para correspond\u00eancia futura. Cookies de prefer\u00eancias do site: Para proporcionar uma \u00f3tima experi\u00eancia neste site, fornecemos a funcionalidade para definir suas prefer\u00eancias de como esse site \u00e9 executado quando voc\u00ea o usa. Para lembrar suas prefer\u00eancias, precisamos definir cookies para que essas informa\u00e7\u00f5es possam ser chamadas sempre que voc\u00ea interagir com uma p\u00e1gina for afetada por suas prefer\u00eancias.<\/h4>\n<h4>Cookies de Terceiros<\/h4>\n<h4>Em alguns casos especiais, tamb\u00e9m usamos cookies fornecidos por terceiros confi\u00e1veis. A se\u00e7\u00e3o a seguir detalha quais cookies de terceiros voc\u00ea pode encontrar atrav\u00e9s deste site. Este site usa o Google Tag Manager, Google Analytics, Google Ads e Facebook Ads, que s\u00e3o algumas das solu\u00e7\u00f5es de an\u00e1lise mais difundidas e confi\u00e1veis da Web, para nos ajudar a entender como voc\u00ea usa o site e como podemos melhorar sua experi\u00eancia.<\/h4>\n<h4>Esses cookies podem rastrear itens como quanto tempo voc\u00ea gasta no site e as p\u00e1ginas visitadas, para que possamos continuar produzindo conte\u00fado atraente. Para mais informa\u00e7\u00f5es sobre cookies do Google Tag Manager, Google Analytics, Google Ads e Facebook Ads, consulte as respectivas p\u00e1ginas oficiais do Google Tag Manager, Google Analytics, Google Ads e Facebook Ads.<\/h4>\n<h4>As an\u00e1lises de terceiros s\u00e3o usadas para rastrear e medir o uso deste site, para que possamos continuar produzindo conte\u00fado atrativo. Esses cookies podem rastrear itens como o tempo que voc\u00ea passa no site ou as p\u00e1ginas visitadas, o que nos ajuda a entender como podemos melhorar o site para voc\u00ea. Periodicamente, testamos novos recursos e fazemos altera\u00e7\u00f5es subtis na maneira como o site se apresenta. Quando ainda estamos testando novos recursos, esses cookies podem ser usados para garantir que voc\u00ea receba uma experi\u00eancia consistente enquanto estiver no site, enquanto entendemos quais otimiza\u00e7\u00f5es os nossos usu\u00e1rios mais apreciam. \u00c0 medida que vendemos produtos, \u00e9 importante entendermos as estat\u00edsticas sobre quantos visitantes de nosso site realmente compram e, portanto, esse \u00e9 o tipo de dados que esses cookies rastrear\u00e3o. Isso \u00e9 importante para voc\u00ea, pois significa que podemos fazer previs\u00f5es de neg\u00f3cios com precis\u00e3o que nos permitem analisar nossos custos de publicidade e produtos para garantir o melhor pre\u00e7o poss\u00edvel.<\/h4>\n<h2>9 \u2013 DISPOSI\u00c7\u00d5ES FINAIS<\/h2>\n<h4>Em caso de d\u00favidas com rela\u00e7\u00e3o \u00e0s disposi\u00e7\u00f5es constantes nesta Pol\u00edtica de Privacidade e de Prote\u00e7\u00e3o de Dados Pessoais, entre em contato conosco atrav\u00e9s de um dos canais de comunica\u00e7\u00e3o constante neste site e fale com o nosso encarregado pelo tratamento de dados pessoais<\/h4>\n<h4>E-mail: ouvidoria@cmmacuco.rj.gov.br<\/h4>\n<h4>Esperemos que esteja esclarecido e, como mencionado anteriormente, se houver algo que voc\u00ea n\u00e3o tem certeza se precisa ou n\u00e3o, geralmente \u00e9 mais seguro deixar os cookies ativados, caso interaja com um dos recursos que voc\u00ea usa em nosso site. Esta pol\u00edtica \u00e9 efetiva a partir de janeiro de 2023 e ao navegar pelo nosso site, voc\u00ea concorda e aceita estas condi\u00e7\u00f5es.<\/h4>\n<\/div>\n\t\t\t\t<\/div>\n\t\t\t\t\t\t\t\t<div id=\"tab-98934\" class=\"sp-tab__tab-pane \" role=\"tabpanel\">\n\t\t\t\t\t<div class=\"sp-tab-content animated fadeIn\"><h2>O Encarregado pelo Tratamento de Dados Pessoais<\/h2>\n<h3><strong>Respons\u00e1vel e Gestor do Portal:<\/strong> Rodrigo Teixeira Araujo<br \/>\n<strong>Localiza\u00e7\u00e3o:<\/strong> Travessa Mercedes Monteiro Machado N\u00ba 43 \u2013 Centro \u2013 Macuco \u2013 RJ<br \/>\n<strong>Telefone:<\/strong> (22) 2554-1161<br \/>\n<strong>e-mail:<\/strong> ouvidoria@cmmacuco.rj.gov.br<br \/>\n<strong>Setor:<\/strong> C\u00e2mara Municipal de Macuco<br \/>\n<strong>Respons\u00e1vel T\u00e9cnico pelo Portal:<\/strong> Rodrigo Teixeira Araujo<\/h3>\n<\/div>\n\t\t\t\t<\/div>\n\t\t\t\t\t\t\t\t<div id=\"tab-98935\" class=\"sp-tab__tab-pane \" role=\"tabpanel\">\n\t\t\t\t\t<div class=\"sp-tab-content animated fadeIn\"><h3>Localiza\u00e7\u00e3o: Travessa Mercedes Monteiro Machado N\u00ba 43 \u2013 Centro \u2013 Macuco \u2013 RJ<\/h3>\n<h3><strong>Telefone:<\/strong> (22) 2554-1161<\/h3>\n<h3><strong>e-mail:<\/strong> ouvidoria@cmmacuco.rj.gov.br<\/h3>\n<h3><strong>Setor:<\/strong> C\u00e2mara Municipal de Macuco<\/h3>\n<h3><strong>Respons\u00e1vel T\u00e9cnico pelo Portal:<\/strong> Rodrigo Teixeira Araujo<\/h3>\n<\/div>\n\t\t\t\t<\/div>\n\t\t\t\t<\/div>\n\t\t<\/div>\n\t\t\n","protected":false},"excerpt":{"rendered":"","protected":false},"author":1,"featured_media":0,"parent":121,"menu_order":0,"comment_status":"closed","ping_status":"closed","template":"","meta":{"footnotes":""},"class_list":["post-123","page","type-page","status-publish","hentry"],"_links":{"self":[{"href":"https:\/\/cmmacuco.rj.gov.br\/cmm\/wp-json\/wp\/v2\/pages\/123","targetHints":{"allow":["GET"]}}],"collection":[{"href":"https:\/\/cmmacuco.rj.gov.br\/cmm\/wp-json\/wp\/v2\/pages"}],"about":[{"href":"https:\/\/cmmacuco.rj.gov.br\/cmm\/wp-json\/wp\/v2\/types\/page"}],"author":[{"embeddable":true,"href":"https:\/\/cmmacuco.rj.gov.br\/cmm\/wp-json\/wp\/v2\/users\/1"}],"replies":[{"embeddable":true,"href":"https:\/\/cmmacuco.rj.gov.br\/cmm\/wp-json\/wp\/v2\/comments?post=123"}],"version-history":[{"count":2,"href":"https:\/\/cmmacuco.rj.gov.br\/cmm\/wp-json\/wp\/v2\/pages\/123\/revisions"}],"predecessor-version":[{"id":9894,"href":"https:\/\/cmmacuco.rj.gov.br\/cmm\/wp-json\/wp\/v2\/pages\/123\/revisions\/9894"}],"up":[{"embeddable":true,"href":"https:\/\/cmmacuco.rj.gov.br\/cmm\/wp-json\/wp\/v2\/pages\/121"}],"wp:attachment":[{"href":"https:\/\/cmmacuco.rj.gov.br\/cmm\/wp-json\/wp\/v2\/media?parent=123"}],"curies":[{"name":"wp","href":"https:\/\/api.w.org\/{rel}","templated":true}]}}