{"id":55,"date":"2024-09-02T15:13:26","date_gmt":"2024-09-02T18:13:26","guid":{"rendered":"https:\/\/cmmacuco.rj.gov.br\/cmm\/?page_id=55"},"modified":"2026-03-17T15:27:35","modified_gmt":"2026-03-17T18:27:35","slug":"comissoes","status":"publish","type":"page","link":"https:\/\/cmmacuco.rj.gov.br\/cmm\/comissoes\/","title":{"rendered":"Comiss\u00f5es"},"content":{"rendered":"<h2><img loading=\"lazy\" decoding=\"async\" class=\"alignnone  wp-image-56\" src=\"https:\/\/cmmacuco.rj.gov.br\/img\/calendario\/comissoes-25-26.webp\" alt=\"\" width=\"905\" height=\"362\" \/><\/h2>\n<h2>Comiss\u00f5es<strong> Bi\u00eanio 2025\/2026<\/strong><\/h2>\n<p><strong><u> COMISS\u00c3O DE CONSTITUI\u00c7\u00c3O, JUSTI\u00c7A E REDA\u00c7\u00c3O <\/u><\/strong><\/p>\n<p><strong>PRESIDENTE:<\/strong> <span style=\"color: #008000;\"><strong> LEANDRO ABREU SP\u00cdNDOLA<\/strong><\/span><\/p>\n<p><strong>VICE- PRESIDENTE: <span style=\"color: #008000;\"> BRUNO MIRANDA CARDOSO <\/span><\/strong><\/p>\n<p><strong>MEMBRO<\/strong>: <strong><span style=\"color: #008000;\"> PL\u00cdNIO CESAR DAFLON VIEIRA<\/span><\/strong><\/p>\n<hr \/>\n<p><strong><u> COMISS\u00c3O DE FINAN\u00c7AS, OR\u00c7AMENTO E FISCALIZA\u00c7\u00c3O FINANCEIRA <\/u><\/strong><\/p>\n<p><strong>PRESIDENTE<\/strong>: <strong><span style=\"color: #008000;\"> PL\u00cdNIO CESAR DAFLON VIEIRA<\/span><\/strong><\/p>\n<p><strong>VICE- PRESIDENTE<\/strong>: <strong><span style=\"color: #008000;\"> BRUNO MIRANDA CARDOSO<\/span><\/strong><\/p>\n<p><strong>MEMBRO<\/strong>: <strong><span style=\"color: #008000;\"> ADENILSON DA COSTA PEREIRA (MIMI) <\/span><\/strong><\/p>\n<hr \/>\n<p><strong><u> COMISS\u00c3O DE OBRAS P\u00daBLICAS E SERVI\u00c7OS URBANOS <\/u><\/strong><\/p>\n<p><strong>PRESIDENTE<\/strong>: <strong><span style=\"color: #008000;\">ALBERTO DE OLIVEIRA HERDY <\/span><\/strong><\/p>\n<p><strong>VICE- PRESIDENTE<\/strong>: <strong><span style=\"color: #008000;\"> ADENILSON DA COSTA PEREIRA (MIMI)<\/span><\/strong><\/p>\n<p><strong>MEMBRO<\/strong>: <strong><span style=\"color: #008000;\"> BRUNO MIRANDA CARDOSO <\/span><\/strong><\/p>\n<hr \/>\n<p><strong><u> COMISS\u00c3O DE SA\u00daDE E ASSIST\u00caNCIA SOCIAL <\/u><\/strong><\/p>\n<p><strong>PRESIDENTE<\/strong>: <strong><span style=\"color: #008000;\"> BRUNO MIRANDA CARDOSO <\/span><\/strong><\/p>\n<p><strong>VICE- PRESIDENTE<\/strong>: <strong><span style=\"color: #008000;\">LEANDRO ABREU SP\u00cdNDOLA <\/span><\/strong><\/p>\n<p><strong>MEMBRO<\/strong>: <strong><span style=\"color: #008000;\"> PL\u00cdNIO CESAR DAFLON VIEIRA <\/span><\/strong><\/p>\n<hr \/>\n<p><strong><u> COMISS\u00c3O DE EDUCA\u00c7\u00c3O, CULTURA, TURISMO, ESPORTE E LAZER <\/u><\/strong><\/p>\n<p><strong>PRESIDENTE<\/strong>: <strong><span style=\"color: #008000;\"> ALBERTO DE OLIVEIRA HERDY <\/span><\/strong><\/p>\n<p><strong>VICE- PRESIDENTE<\/strong>: <strong><span style=\"color: #008000;\">JOS\u00c9 LUIZ ESTEFANI MIRANDA FILHO <\/span><\/strong><\/p>\n<p><strong>MEMBRO<\/strong>: <strong><span style=\"color: #008000;\">ALESSANIO BADINI JOY <\/span><\/strong><\/p>\n<hr \/>\n<p><strong><u> COMISS\u00c3O PARA DIRIMIR QUEST\u00d5ES DE LIT\u00cdGIOS DE LIMITES DO MUNIC\u00cdPIO DE MACUCO <\/u><\/strong><\/p>\n<p><strong>PRESIDENTE<\/strong>: <strong><span style=\"color: #008000;\"> ALESSANIO BADINI JOY<\/span><\/strong><\/p>\n<p><strong>VICE-PRESIDENTE<\/strong>: <strong><span style=\"color: #008000;\"> BRUNO MIRANDA CARDOSO <\/span><\/strong><\/p>\n<p><strong>MEMBRO<\/strong>: <strong><span style=\"color: #008000;\"> ADENILSON DA COSTA PEREIRA (MIMI)<\/span><\/strong><\/p>\n<hr \/>\n<p><strong><u> COMISS\u00c3O DE DEFESA DO CONSUMIDOR <\/u><\/strong><\/p>\n<p><strong>PRESIDENTE<\/strong>: <strong><span style=\"color: #008000;\"> ALBERTO DE OLIVEIRA HERDY<\/span><\/strong><\/p>\n<p><strong>VICE- PRESIDENTE<\/strong>: <strong><span style=\"color: #008000;\"> BRUNO MIRANDA CARDOSO <\/span><\/strong><\/p>\n<p><strong>MEMBRO<\/strong>: <strong><span style=\"color: #008000;\">ALESSANIO BADINI JOY<\/span><\/strong><\/p>\n<hr \/>\n<p><strong><u> COMISS\u00c3O DE MEIO AMBIENTE <\/u><\/strong><\/p>\n<p><strong>PRESIDENTE<\/strong>: <strong><span style=\"color: #008000;\">LEANDRO ABREU SP\u00cdNDOLA <\/span><\/strong><\/p>\n<p><strong>VICE- PRESIDENTE<\/strong>: <strong><span style=\"color: #008000;\"> ALBERTO DE OLIVEIRA HERDY<\/span><\/strong><\/p>\n<p><strong>MEMBRO<\/strong>: <strong><span style=\"color: #008000;\"> ALESSANIO BADINI JOY <\/span><\/strong><\/p>\n<hr \/>\n<p><strong><u> COMISS\u00c3O DE SEGURAN\u00c7A P\u00daBLICA E COMBATE \u00c0S DROGAS <\/u><\/strong><\/p>\n<p><strong>PRESIDENTE<\/strong>: <span style=\"color: #008000;\"><strong> JOS\u00c9 LUIZ ESTEFANI MIRANDA FILHO<\/strong><\/span><\/p>\n<p><strong>VICE- PRESIDENTE<\/strong>: <strong><span style=\"color: #008000;\">PL\u00cdNIO C\u00c9SAR DAFLON VIEIRA <\/span><\/strong><\/p>\n<p><strong>MEMBRO<\/strong>: <strong><span style=\"color: #008000;\"> BRUNO MIRANDA CARDOSO<\/span><\/strong><\/p>\n<hr \/>\n<p><strong><u> COMISS\u00c3O DO IDOSO <\/u><\/strong><\/p>\n<p><strong>PRESIDENTE<\/strong>: <span style=\"color: #008000;\"><strong> MYRELLA DAFLON ABREU<\/strong><\/span><\/p>\n<p><strong>VICE- PRESIDENTE<\/strong>: <strong><span style=\"color: #008000;\">LEANDRO ABREU SPINDOLA <\/span><\/strong><\/p>\n<p><strong>MEMBRO<\/strong>: <strong><span style=\"color: #008000;\"> PL\u00cdNIO C\u00c9SAR DAFLON VIEIRA <\/span><\/strong><\/p>\n<hr \/>\n<p><strong><u> COMISS\u00c3O DE DEFESA, SA\u00daDE E BEM-ESTAR DOS ANIMAIS <\/u><\/strong><\/p>\n<p><strong>PRESIDENTE<\/strong>: <span style=\"color: #008000;\"><strong> ALESSANIO BADINI JOY<\/strong><\/span><\/p>\n<p><strong>VICE- PRESIDENTE<\/strong>: <strong><span style=\"color: #008000;\"> MYRELLA DAFLON ABREU<\/span><\/strong><\/p>\n<p><strong>MEMBRO<\/strong>: <strong><span style=\"color: #008000;\"> LEANDRO ABREU SPINDOLA<\/span><\/strong><\/p>\n<hr \/>\n<p><strong><u> COMISS\u00c3O DE DEFESA DOS DIREITOS DA MULHER, DA FAM\u00cdLIA E DOS DIREITOS HUMANOS <\/u><\/strong><\/p>\n<p><b><strong>PRESIDENTE : <\/strong><\/b><span style=\"color: #008000;\"><strong> MYRELLA DAFLON ABREU <\/strong><\/span><\/p>\n<p><b><strong>VICE-PRESIDENTE: <\/strong><\/b><span style=\"color: #008000;\"><strong>PL\u00cdNIO C\u00c9SAR DAFLON VIEIRA<\/strong><\/span><\/p>\n<p><b><strong>MEMBRO: <\/strong><\/b><strong><span style=\"color: #008000;\"> LEANDRO ABREU SPINDOLA <\/span><\/strong><\/p>\n<hr \/>\n<p><strong><u> COMISS\u00c3O DE AGRICULTURA, PECU\u00c1RIA E POL\u00cdTICA RURAL AGR\u00c1RIA <\/u><\/strong><\/p>\n<p><b><strong>PRESIDENTE: <\/strong><\/b><span style=\"color: #008000;\"><strong> ADENILSON DA COSTA PEREIRA (MIMI) <\/strong><\/span><\/p>\n<p><b><strong>VICE-PRESIDENTE: <\/strong><\/b><span style=\"color: #008000;\"><strong>PL\u00cdNIO C\u00c9SAR DAFLON VIEIRA<\/strong><\/span><\/p>\n<p><b><strong>MEMBRO:<\/strong><\/b><span style=\"color: #008000;\"><strong> LEANDRO ABREU SPINDOLA<\/strong><\/span><\/p>\n<hr \/>\n<p><strong><u> COMISS\u00c3O DE IGUALDADE RACIAL<\/u><\/strong><\/p>\n<p><b><strong>PRESIDENTE: <\/strong><\/b><span style=\"color: #008000;\"><strong>ADENILSON DA COSTA PEREIRA (MIMI) <\/strong><\/span><\/p>\n<p><b><strong>VICE-PRESIDENTE: <\/strong><\/b><span style=\"color: #008000;\"><strong>MYRELLA DAFLON ABREU<\/strong><\/span><\/p>\n<p><b><strong>MEMBRO:<\/strong><\/b><span style=\"color: #008000;\"><strong>ALBERTO DE OLIVEIRA HERDY<\/strong><\/span><\/p>\n","protected":false},"excerpt":{"rendered":"<p>Comiss\u00f5es Bi\u00eanio 2025\/2026 COMISS\u00c3O DE CONSTITUI\u00c7\u00c3O, JUSTI\u00c7A E REDA\u00c7\u00c3O PRESIDENTE: LEANDRO ABREU SP\u00cdNDOLA VICE- PRESIDENTE: BRUNO MIRANDA CARDOSO MEMBRO: PL\u00cdNIO CESAR DAFLON VIEIRA COMISS\u00c3O DE FINAN\u00c7AS, OR\u00c7AMENTO E FISCALIZA\u00c7\u00c3O FINANCEIRA PRESIDENTE: PL\u00cdNIO CESAR DAFLON VIEIRA VICE- PRESIDENTE: BRUNO MIRANDA CARDOSO MEMBRO: ADENILSON DA COSTA PEREIRA (MIMI) COMISS\u00c3O DE OBRAS P\u00daBLICAS E SERVI\u00c7OS URBANOS PRESIDENTE: ALBERTO [&hellip;]<\/p>\n","protected":false},"author":1,"featured_media":0,"parent":0,"menu_order":3,"comment_status":"closed","ping_status":"closed","template":"","meta":{"footnotes":""},"class_list":["post-55","page","type-page","status-publish","hentry"],"_links":{"self":[{"href":"https:\/\/cmmacuco.rj.gov.br\/cmm\/wp-json\/wp\/v2\/pages\/55","targetHints":{"allow":["GET"]}}],"collection":[{"href":"https:\/\/cmmacuco.rj.gov.br\/cmm\/wp-json\/wp\/v2\/pages"}],"about":[{"href":"https:\/\/cmmacuco.rj.gov.br\/cmm\/wp-json\/wp\/v2\/types\/page"}],"author":[{"embeddable":true,"href":"https:\/\/cmmacuco.rj.gov.br\/cmm\/wp-json\/wp\/v2\/users\/1"}],"replies":[{"embeddable":true,"href":"https:\/\/cmmacuco.rj.gov.br\/cmm\/wp-json\/wp\/v2\/comments?post=55"}],"version-history":[{"count":6,"href":"https:\/\/cmmacuco.rj.gov.br\/cmm\/wp-json\/wp\/v2\/pages\/55\/revisions"}],"predecessor-version":[{"id":10357,"href":"https:\/\/cmmacuco.rj.gov.br\/cmm\/wp-json\/wp\/v2\/pages\/55\/revisions\/10357"}],"wp:attachment":[{"href":"https:\/\/cmmacuco.rj.gov.br\/cmm\/wp-json\/wp\/v2\/media?parent=55"}],"curies":[{"name":"wp","href":"https:\/\/api.w.org\/{rel}","templated":true}]}}