{"id":90,"date":"2024-09-02T16:09:24","date_gmt":"2024-09-02T19:09:24","guid":{"rendered":"https:\/\/cmmacuco.rj.gov.br\/cmm\/?page_id=90"},"modified":"2024-09-11T15:08:03","modified_gmt":"2024-09-11T18:08:03","slug":"noticias","status":"publish","type":"page","link":"https:\/\/cmmacuco.rj.gov.br\/cmm\/noticias\/","title":{"rendered":"Not\u00edcias"},"content":{"rendered":"\n<div class=\"wp-block-group nfd-container nfd-p-md nfd-wb-blog__blog-10 nfd-bg-surface nfd-theme-white\"><div class=\"wp-block-group__inner-container is-layout-constrained wp-block-group-is-layout-constrained\">\n<div class=\"wp-block-query nfd-query-loop-1 is-layout-flow wp-block-query-is-layout-flow\"><ul class=\"wp-block-post-template is-layout-flow wp-block-post-template-is-layout-flow\"><li class=\"wp-block-post post-10211 post type-post status-publish format-standard has-post-thumbnail hentry category-destaques\">\n\n<div class=\"wp-block-columns is-layout-flex wp-container-core-columns-is-layout-2f387617 wp-block-columns-is-layout-flex\">\n<div class=\"wp-block-column is-layout-flow wp-block-column-is-layout-flow\" style=\"flex-basis:30%\"><figure style=\"aspect-ratio:1;width:100%;\" class=\"nfd-rounded-md wp-block-post-featured-image\"><a href=\"https:\/\/cmmacuco.rj.gov.br\/cmm\/camara-municipal-de-macuco-lanca-diario-oficial-eletronico\/\" target=\"_self\"  ><img loading=\"lazy\" decoding=\"async\" width=\"1536\" height=\"1024\" src=\"https:\/\/cmmacuco.rj.gov.br\/cmm\/wp-content\/uploads\/2025\/04\/site-diario-oficial.webp\" class=\"attachment-post-thumbnail size-post-thumbnail wp-post-image\" alt=\"C\u00e2mara Municipal de Macuco Lan\u00e7a Di\u00e1rio Oficial Eletr\u00f4nico\" style=\"width:100%;height:100%;object-fit:cover;\" srcset=\"https:\/\/cmmacuco.rj.gov.br\/cmm\/wp-content\/uploads\/2025\/04\/site-diario-oficial.webp 1536w, https:\/\/cmmacuco.rj.gov.br\/cmm\/wp-content\/uploads\/2025\/04\/site-diario-oficial-300x200.webp 300w, https:\/\/cmmacuco.rj.gov.br\/cmm\/wp-content\/uploads\/2025\/04\/site-diario-oficial-1024x683.webp 1024w, https:\/\/cmmacuco.rj.gov.br\/cmm\/wp-content\/uploads\/2025\/04\/site-diario-oficial-768x512.webp 768w\" sizes=\"auto, (max-width: 1536px) 100vw, 1536px\" \/><\/a><\/figure><\/div>\n\n\n\n<div class=\"wp-block-column is-vertically-aligned-center is-layout-flow wp-block-column-is-layout-flow\" style=\"flex-basis:66.66%\">\n<div class=\"wp-block-group is-vertical is-layout-flex wp-container-core-group-is-layout-c88e71c7 wp-block-group-is-layout-flex\">\n<div class=\"wp-block-group is-vertical is-layout-flex wp-container-core-group-is-layout-8cf370e7 wp-block-group-is-layout-flex\"><h2 style=\"font-style:normal;font-weight:500;\" class=\"nfd-text-balance wp-block-post-title\"><a href=\"https:\/\/cmmacuco.rj.gov.br\/cmm\/camara-municipal-de-macuco-lanca-diario-oficial-eletronico\/\" target=\"_self\" >C\u00e2mara Municipal de Macuco Lan\u00e7a Di\u00e1rio Oficial Eletr\u00f4nico<\/a><\/h2>\n\n<div class=\"nfd-text-balance wp-block-post-excerpt\"><p class=\"wp-block-post-excerpt__excerpt\">A C\u00e2mara Municipal de Macuco deu um importante passo em dire\u00e7\u00e3o \u00e0 moderniza\u00e7\u00e3o da gest\u00e3o p\u00fablica e \u00e0 transpar\u00eancia institucional com o lan\u00e7amento do seu Di\u00e1rio Oficial Eletr\u00f4nico.&hellip;<\/p><p class=\"wp-block-post-excerpt__more-text\"><a class=\"wp-block-post-excerpt__more-link\" href=\"https:\/\/cmmacuco.rj.gov.br\/cmm\/camara-municipal-de-macuco-lanca-diario-oficial-eletronico\/\"><strong>Continuar Lendo&#8230;<\/strong><\/a><\/p><\/div><\/div>\n\n\n\n<div class=\"wp-block-group nfd-gap-md  nfd-text-base is-content-justification-left is-layout-flex wp-container-core-group-is-layout-76ea2f42 wp-block-group-is-layout-flex\">\n<div class=\"wp-block-columns is-layout-flex wp-container-core-columns-is-layout-9d6595d7 wp-block-columns-is-layout-flex\">\n<div class=\"wp-block-column is-layout-flow wp-block-column-is-layout-flow\" style=\"flex-basis:100%\"><\/div>\n<\/div>\n\n\n\n<div class=\"wp-block-group\" style=\"border-left-width:2px;min-height:0.85em\"><div class=\"wp-block-group__inner-container is-layout-constrained wp-block-group-is-layout-constrained\"><\/div><\/div>\n\n\n<div class=\"nfd-text-faded wp-block-post-date\"><time datetime=\"2025-04-10T14:07:45-03:00\">10 de Abril, 2025<\/time><\/div>\n\n\n<p class=\"nfd-text-faded\"><\/p>\n<\/div>\n<\/div>\n<\/div>\n<\/div>\n\n<\/li><li class=\"wp-block-post post-292 post type-post status-publish format-standard has-post-thumbnail hentry category-antigos\">\n\n<div class=\"wp-block-columns is-layout-flex wp-container-core-columns-is-layout-2f387617 wp-block-columns-is-layout-flex\">\n<div class=\"wp-block-column is-layout-flow wp-block-column-is-layout-flow\" style=\"flex-basis:30%\"><figure style=\"aspect-ratio:1;width:100%;\" class=\"nfd-rounded-md wp-block-post-featured-image\"><a href=\"https:\/\/cmmacuco.rj.gov.br\/cmm\/aviso-de-suspensao-de-publicidade-institucional-durante-o-periodo-eleitoral\/\" target=\"_self\"  ><img loading=\"lazy\" decoding=\"async\" width=\"1256\" height=\"907\" src=\"https:\/\/cmmacuco.rj.gov.br\/cmm\/wp-content\/uploads\/2024\/09\/Lei-e-reson.png\" class=\"attachment-post-thumbnail size-post-thumbnail wp-post-image\" alt=\"Aviso de Suspens\u00e3o de Publicidade Institucional durante o Per\u00edodo Eleitoral\" style=\"width:100%;height:100%;object-fit:cover;\" srcset=\"https:\/\/cmmacuco.rj.gov.br\/cmm\/wp-content\/uploads\/2024\/09\/Lei-e-reson.png 1256w, https:\/\/cmmacuco.rj.gov.br\/cmm\/wp-content\/uploads\/2024\/09\/Lei-e-reson-300x217.png 300w, https:\/\/cmmacuco.rj.gov.br\/cmm\/wp-content\/uploads\/2024\/09\/Lei-e-reson-1024x739.png 1024w, https:\/\/cmmacuco.rj.gov.br\/cmm\/wp-content\/uploads\/2024\/09\/Lei-e-reson-768x555.png 768w\" sizes=\"auto, (max-width: 1256px) 100vw, 1256px\" \/><\/a><\/figure><\/div>\n\n\n\n<div class=\"wp-block-column is-vertically-aligned-center is-layout-flow wp-block-column-is-layout-flow\" style=\"flex-basis:66.66%\">\n<div class=\"wp-block-group is-vertical is-layout-flex wp-container-core-group-is-layout-c88e71c7 wp-block-group-is-layout-flex\">\n<div class=\"wp-block-group is-vertical is-layout-flex wp-container-core-group-is-layout-8cf370e7 wp-block-group-is-layout-flex\"><h2 style=\"font-style:normal;font-weight:500;\" class=\"nfd-text-balance wp-block-post-title\"><a href=\"https:\/\/cmmacuco.rj.gov.br\/cmm\/aviso-de-suspensao-de-publicidade-institucional-durante-o-periodo-eleitoral\/\" target=\"_self\" >Aviso de Suspens\u00e3o de Publicidade Institucional durante o Per\u00edodo Eleitoral<\/a><\/h2>\n\n<div class=\"nfd-text-balance wp-block-post-excerpt\"><p class=\"wp-block-post-excerpt__excerpt\">\u00a0 \u00a0 Em conformidade com a Lei 9.504 de 30 de setembro de 1997 juntamente com a Resolu\u00e7\u00e3o N\u00ba 23.738, de 27 de fevereiro de 2024, do Tribunal&hellip;<\/p><p class=\"wp-block-post-excerpt__more-text\"><a class=\"wp-block-post-excerpt__more-link\" href=\"https:\/\/cmmacuco.rj.gov.br\/cmm\/aviso-de-suspensao-de-publicidade-institucional-durante-o-periodo-eleitoral\/\"><strong>Continuar Lendo&#8230;<\/strong><\/a><\/p><\/div><\/div>\n\n\n\n<div class=\"wp-block-group nfd-gap-md  nfd-text-base is-content-justification-left is-layout-flex wp-container-core-group-is-layout-76ea2f42 wp-block-group-is-layout-flex\">\n<div class=\"wp-block-columns is-layout-flex wp-container-core-columns-is-layout-9d6595d7 wp-block-columns-is-layout-flex\">\n<div class=\"wp-block-column is-layout-flow wp-block-column-is-layout-flow\" style=\"flex-basis:100%\"><\/div>\n<\/div>\n\n\n\n<div class=\"wp-block-group\" style=\"border-left-width:2px;min-height:0.85em\"><div class=\"wp-block-group__inner-container is-layout-constrained wp-block-group-is-layout-constrained\"><\/div><\/div>\n\n\n<div class=\"nfd-text-faded wp-block-post-date\"><time datetime=\"2024-09-06T00:27:22-03:00\">6 de Setembro, 2024<\/time><\/div>\n\n\n<p class=\"nfd-text-faded\"><\/p>\n<\/div>\n<\/div>\n<\/div>\n<\/div>\n\n<\/li><li class=\"wp-block-post post-191 post type-post status-publish format-standard has-post-thumbnail hentry category-destaques\">\n\n<div class=\"wp-block-columns is-layout-flex wp-container-core-columns-is-layout-2f387617 wp-block-columns-is-layout-flex\">\n<div class=\"wp-block-column is-layout-flow wp-block-column-is-layout-flow\" style=\"flex-basis:30%\"><figure style=\"aspect-ratio:1;width:100%;\" class=\"nfd-rounded-md wp-block-post-featured-image\"><a href=\"https:\/\/cmmacuco.rj.gov.br\/cmm\/para-maior-transparencia-novos-recursos-no-site\/\" target=\"_self\"  ><img loading=\"lazy\" decoding=\"async\" width=\"1415\" height=\"877\" src=\"https:\/\/cmmacuco.rj.gov.br\/cmm\/wp-content\/uploads\/2024\/09\/site.webp\" class=\"attachment-post-thumbnail size-post-thumbnail wp-post-image\" alt=\"Para maior transpar\u00eancia novos recursos no site\" style=\"width:100%;height:100%;object-fit:cover;\" srcset=\"https:\/\/cmmacuco.rj.gov.br\/cmm\/wp-content\/uploads\/2024\/09\/site.webp 1415w, https:\/\/cmmacuco.rj.gov.br\/cmm\/wp-content\/uploads\/2024\/09\/site-300x186.webp 300w, https:\/\/cmmacuco.rj.gov.br\/cmm\/wp-content\/uploads\/2024\/09\/site-1024x635.webp 1024w, https:\/\/cmmacuco.rj.gov.br\/cmm\/wp-content\/uploads\/2024\/09\/site-768x476.webp 768w\" sizes=\"auto, (max-width: 1415px) 100vw, 1415px\" \/><\/a><\/figure><\/div>\n\n\n\n<div class=\"wp-block-column is-vertically-aligned-center is-layout-flow wp-block-column-is-layout-flow\" style=\"flex-basis:66.66%\">\n<div class=\"wp-block-group is-vertical is-layout-flex wp-container-core-group-is-layout-c88e71c7 wp-block-group-is-layout-flex\">\n<div class=\"wp-block-group is-vertical is-layout-flex wp-container-core-group-is-layout-8cf370e7 wp-block-group-is-layout-flex\"><h2 style=\"font-style:normal;font-weight:500;\" class=\"nfd-text-balance wp-block-post-title\"><a href=\"https:\/\/cmmacuco.rj.gov.br\/cmm\/para-maior-transparencia-novos-recursos-no-site\/\" target=\"_self\" >Para maior transpar\u00eancia novos recursos no site<\/a><\/h2>\n\n<div class=\"nfd-text-balance wp-block-post-excerpt\"><p class=\"wp-block-post-excerpt__excerpt\">\u00c9 com grande entusiasmo que anunciamos a mais recente adi\u00e7\u00e3o ao nosso site: a OUVIDORIA e LGPD (Lei Geral de Prote\u00e7\u00e3o de Dados). Sabemos que a transpar\u00eancia e&hellip;<\/p><p class=\"wp-block-post-excerpt__more-text\"><a class=\"wp-block-post-excerpt__more-link\" href=\"https:\/\/cmmacuco.rj.gov.br\/cmm\/para-maior-transparencia-novos-recursos-no-site\/\"><strong>Continuar Lendo&#8230;<\/strong><\/a><\/p><\/div><\/div>\n\n\n\n<div class=\"wp-block-group nfd-gap-md  nfd-text-base is-content-justification-left is-layout-flex wp-container-core-group-is-layout-76ea2f42 wp-block-group-is-layout-flex\">\n<div class=\"wp-block-columns is-layout-flex wp-container-core-columns-is-layout-9d6595d7 wp-block-columns-is-layout-flex\">\n<div class=\"wp-block-column is-layout-flow wp-block-column-is-layout-flow\" style=\"flex-basis:100%\"><\/div>\n<\/div>\n\n\n\n<div class=\"wp-block-group\" style=\"border-left-width:2px;min-height:0.85em\"><div class=\"wp-block-group__inner-container is-layout-constrained wp-block-group-is-layout-constrained\"><\/div><\/div>\n\n\n<div class=\"nfd-text-faded wp-block-post-date\"><time datetime=\"2024-09-02T18:08:36-03:00\">2 de Setembro, 2024<\/time><\/div>\n\n\n<p class=\"nfd-text-faded\"><\/p>\n<\/div>\n<\/div>\n<\/div>\n<\/div>\n\n<\/li><li class=\"wp-block-post post-9570 post type-post status-publish format-standard has-post-thumbnail hentry category-antigos\">\n\n<div class=\"wp-block-columns is-layout-flex wp-container-core-columns-is-layout-2f387617 wp-block-columns-is-layout-flex\">\n<div class=\"wp-block-column is-layout-flow wp-block-column-is-layout-flow\" style=\"flex-basis:30%\"><figure style=\"aspect-ratio:1;width:100%;\" class=\"nfd-rounded-md wp-block-post-featured-image\"><a href=\"https:\/\/cmmacuco.rj.gov.br\/cmm\/9570-2\/\" target=\"_self\"  ><img loading=\"lazy\" decoding=\"async\" width=\"900\" height=\"897\" src=\"https:\/\/cmmacuco.rj.gov.br\/cmm\/wp-content\/uploads\/2024\/05\/doacao.jpg\" class=\"attachment-post-thumbnail size-post-thumbnail wp-post-image\" alt=\"Doe j\u00e1!\" style=\"width:100%;height:100%;object-fit:cover;\" srcset=\"https:\/\/cmmacuco.rj.gov.br\/cmm\/wp-content\/uploads\/2024\/05\/doacao.jpg 900w, https:\/\/cmmacuco.rj.gov.br\/cmm\/wp-content\/uploads\/2024\/05\/doacao-300x300.jpg 300w, https:\/\/cmmacuco.rj.gov.br\/cmm\/wp-content\/uploads\/2024\/05\/doacao-150x150.jpg 150w, https:\/\/cmmacuco.rj.gov.br\/cmm\/wp-content\/uploads\/2024\/05\/doacao-768x765.jpg 768w\" sizes=\"auto, (max-width: 900px) 100vw, 900px\" \/><\/a><\/figure><\/div>\n\n\n\n<div class=\"wp-block-column is-vertically-aligned-center is-layout-flow wp-block-column-is-layout-flow\" style=\"flex-basis:66.66%\">\n<div class=\"wp-block-group is-vertical is-layout-flex wp-container-core-group-is-layout-c88e71c7 wp-block-group-is-layout-flex\">\n<div class=\"wp-block-group is-vertical is-layout-flex wp-container-core-group-is-layout-8cf370e7 wp-block-group-is-layout-flex\"><h2 style=\"font-style:normal;font-weight:500;\" class=\"nfd-text-balance wp-block-post-title\"><a href=\"https:\/\/cmmacuco.rj.gov.br\/cmm\/9570-2\/\" target=\"_self\" >Doe j\u00e1!<\/a><\/h2>\n\n<div class=\"nfd-text-balance wp-block-post-excerpt\"><p class=\"wp-block-post-excerpt__excerpt\">A C\u00e2mara Municipal de Macuco est\u00e1 arrecadando itens que ser\u00e3o enviados para ajudar a popula\u00e7\u00e3o do Rio Grande do Sul, afetada por temporais que j\u00e1 tiraram a vida&hellip;<\/p><p class=\"wp-block-post-excerpt__more-text\"><a class=\"wp-block-post-excerpt__more-link\" href=\"https:\/\/cmmacuco.rj.gov.br\/cmm\/9570-2\/\"><strong>Continuar Lendo&#8230;<\/strong><\/a><\/p><\/div><\/div>\n\n\n\n<div class=\"wp-block-group nfd-gap-md  nfd-text-base is-content-justification-left is-layout-flex wp-container-core-group-is-layout-76ea2f42 wp-block-group-is-layout-flex\">\n<div class=\"wp-block-columns is-layout-flex wp-container-core-columns-is-layout-9d6595d7 wp-block-columns-is-layout-flex\">\n<div class=\"wp-block-column is-layout-flow wp-block-column-is-layout-flow\" style=\"flex-basis:100%\"><\/div>\n<\/div>\n\n\n\n<div class=\"wp-block-group\" style=\"border-left-width:2px;min-height:0.85em\"><div class=\"wp-block-group__inner-container is-layout-constrained wp-block-group-is-layout-constrained\"><\/div><\/div>\n\n\n<div class=\"nfd-text-faded wp-block-post-date\"><time datetime=\"2024-05-13T13:15:37-03:00\">13 de Maio, 2024<\/time><\/div>\n\n\n<p class=\"nfd-text-faded\"><\/p>\n<\/div>\n<\/div>\n<\/div>\n<\/div>\n\n<\/li><li class=\"wp-block-post post-9392 post type-post status-publish format-standard has-post-thumbnail hentry category-antigos\">\n\n<div class=\"wp-block-columns is-layout-flex wp-container-core-columns-is-layout-2f387617 wp-block-columns-is-layout-flex\">\n<div class=\"wp-block-column is-layout-flow wp-block-column-is-layout-flow\" style=\"flex-basis:30%\"><figure style=\"aspect-ratio:1;width:100%;\" class=\"nfd-rounded-md wp-block-post-featured-image\"><a href=\"https:\/\/cmmacuco.rj.gov.br\/cmm\/feliz-natal\/\" target=\"_self\"  ><img loading=\"lazy\" decoding=\"async\" width=\"601\" height=\"602\" src=\"https:\/\/cmmacuco.rj.gov.br\/cmm\/wp-content\/uploads\/2023\/12\/Feliz-natal.png\" class=\"attachment-post-thumbnail size-post-thumbnail wp-post-image\" alt=\"Feliz Natal\" style=\"width:100%;height:100%;object-fit:cover;\" srcset=\"https:\/\/cmmacuco.rj.gov.br\/cmm\/wp-content\/uploads\/2023\/12\/Feliz-natal.png 601w, https:\/\/cmmacuco.rj.gov.br\/cmm\/wp-content\/uploads\/2023\/12\/Feliz-natal-300x300.png 300w, https:\/\/cmmacuco.rj.gov.br\/cmm\/wp-content\/uploads\/2023\/12\/Feliz-natal-150x150.png 150w\" sizes=\"auto, (max-width: 601px) 100vw, 601px\" \/><\/a><\/figure><\/div>\n\n\n\n<div class=\"wp-block-column is-vertically-aligned-center is-layout-flow wp-block-column-is-layout-flow\" style=\"flex-basis:66.66%\">\n<div class=\"wp-block-group is-vertical is-layout-flex wp-container-core-group-is-layout-c88e71c7 wp-block-group-is-layout-flex\">\n<div class=\"wp-block-group is-vertical is-layout-flex wp-container-core-group-is-layout-8cf370e7 wp-block-group-is-layout-flex\"><h2 style=\"font-style:normal;font-weight:500;\" class=\"nfd-text-balance wp-block-post-title\"><a href=\"https:\/\/cmmacuco.rj.gov.br\/cmm\/feliz-natal\/\" target=\"_self\" >Feliz Natal<\/a><\/h2>\n\n<div class=\"nfd-text-balance wp-block-post-excerpt\"><p class=\"wp-block-post-excerpt__excerpt\"><\/p><p class=\"wp-block-post-excerpt__more-text\"><a class=\"wp-block-post-excerpt__more-link\" href=\"https:\/\/cmmacuco.rj.gov.br\/cmm\/feliz-natal\/\"><strong>Continuar Lendo&#8230;<\/strong><\/a><\/p><\/div><\/div>\n\n\n\n<div class=\"wp-block-group nfd-gap-md  nfd-text-base is-content-justification-left is-layout-flex wp-container-core-group-is-layout-76ea2f42 wp-block-group-is-layout-flex\">\n<div class=\"wp-block-columns is-layout-flex wp-container-core-columns-is-layout-9d6595d7 wp-block-columns-is-layout-flex\">\n<div class=\"wp-block-column is-layout-flow wp-block-column-is-layout-flow\" style=\"flex-basis:100%\"><\/div>\n<\/div>\n\n\n\n<div class=\"wp-block-group\" style=\"border-left-width:2px;min-height:0.85em\"><div class=\"wp-block-group__inner-container is-layout-constrained wp-block-group-is-layout-constrained\"><\/div><\/div>\n\n\n<div class=\"nfd-text-faded wp-block-post-date\"><time datetime=\"2023-12-26T10:17:30-03:00\">26 de Dezembro, 2023<\/time><\/div>\n\n\n<p class=\"nfd-text-faded\"><\/p>\n<\/div>\n<\/div>\n<\/div>\n<\/div>\n\n<\/li><li class=\"wp-block-post post-9331 post type-post status-publish format-standard has-post-thumbnail hentry category-antigos\">\n\n<div class=\"wp-block-columns is-layout-flex wp-container-core-columns-is-layout-2f387617 wp-block-columns-is-layout-flex\">\n<div class=\"wp-block-column is-layout-flow wp-block-column-is-layout-flow\" style=\"flex-basis:30%\"><figure style=\"aspect-ratio:1;width:100%;\" class=\"nfd-rounded-md wp-block-post-featured-image\"><a href=\"https:\/\/cmmacuco.rj.gov.br\/cmm\/diplomacao-dos-vereadores-mirins-eleitos-nas-escolas-da-cidade-de-macuco\/\" target=\"_self\"  ><img loading=\"lazy\" decoding=\"async\" width=\"1280\" height=\"853\" src=\"https:\/\/cmmacuco.rj.gov.br\/cmm\/wp-content\/uploads\/2023\/09\/diplomacao-mirim.jpeg\" class=\"attachment-post-thumbnail size-post-thumbnail wp-post-image\" alt=\"Diploma\u00e7\u00e3o dos Vereadores Mirins eleitos nas escolas da cidade de Macuco\" style=\"width:100%;height:100%;object-fit:cover;\" srcset=\"https:\/\/cmmacuco.rj.gov.br\/cmm\/wp-content\/uploads\/2023\/09\/diplomacao-mirim.jpeg 1280w, https:\/\/cmmacuco.rj.gov.br\/cmm\/wp-content\/uploads\/2023\/09\/diplomacao-mirim-300x200.jpeg 300w, https:\/\/cmmacuco.rj.gov.br\/cmm\/wp-content\/uploads\/2023\/09\/diplomacao-mirim-1024x682.jpeg 1024w, https:\/\/cmmacuco.rj.gov.br\/cmm\/wp-content\/uploads\/2023\/09\/diplomacao-mirim-768x512.jpeg 768w\" sizes=\"auto, (max-width: 1280px) 100vw, 1280px\" \/><\/a><\/figure><\/div>\n\n\n\n<div class=\"wp-block-column is-vertically-aligned-center is-layout-flow wp-block-column-is-layout-flow\" style=\"flex-basis:66.66%\">\n<div class=\"wp-block-group is-vertical is-layout-flex wp-container-core-group-is-layout-c88e71c7 wp-block-group-is-layout-flex\">\n<div class=\"wp-block-group is-vertical is-layout-flex wp-container-core-group-is-layout-8cf370e7 wp-block-group-is-layout-flex\"><h2 style=\"font-style:normal;font-weight:500;\" class=\"nfd-text-balance wp-block-post-title\"><a href=\"https:\/\/cmmacuco.rj.gov.br\/cmm\/diplomacao-dos-vereadores-mirins-eleitos-nas-escolas-da-cidade-de-macuco\/\" target=\"_self\" >Diploma\u00e7\u00e3o dos Vereadores Mirins eleitos nas escolas da cidade de Macuco<\/a><\/h2>\n\n<div class=\"nfd-text-balance wp-block-post-excerpt\"><p class=\"wp-block-post-excerpt__excerpt\">Na \u00faltima quinta-feira (21) aconteceu a emocionante diploma\u00e7\u00e3o dos Vereadores Mirins eleitos nas escolas da cidade de Macuco, atrav\u00e9s do Projeto Parlamento Juvenil. Esse dia foi de extrema&hellip;<\/p><p class=\"wp-block-post-excerpt__more-text\"><a class=\"wp-block-post-excerpt__more-link\" href=\"https:\/\/cmmacuco.rj.gov.br\/cmm\/diplomacao-dos-vereadores-mirins-eleitos-nas-escolas-da-cidade-de-macuco\/\"><strong>Continuar Lendo&#8230;<\/strong><\/a><\/p><\/div><\/div>\n\n\n\n<div class=\"wp-block-group nfd-gap-md  nfd-text-base is-content-justification-left is-layout-flex wp-container-core-group-is-layout-76ea2f42 wp-block-group-is-layout-flex\">\n<div class=\"wp-block-columns is-layout-flex wp-container-core-columns-is-layout-9d6595d7 wp-block-columns-is-layout-flex\">\n<div class=\"wp-block-column is-layout-flow wp-block-column-is-layout-flow\" style=\"flex-basis:100%\"><\/div>\n<\/div>\n\n\n\n<div class=\"wp-block-group\" style=\"border-left-width:2px;min-height:0.85em\"><div class=\"wp-block-group__inner-container is-layout-constrained wp-block-group-is-layout-constrained\"><\/div><\/div>\n\n\n<div class=\"nfd-text-faded wp-block-post-date\"><time datetime=\"2023-09-26T14:14:53-03:00\">26 de Setembro, 2023<\/time><\/div>\n\n\n<p class=\"nfd-text-faded\"><\/p>\n<\/div>\n<\/div>\n<\/div>\n<\/div>\n\n<\/li><\/ul>\n\n<nav class=\"wp-block-query-pagination has-normal-font-size is-content-justification-center is-layout-flex wp-container-core-query-pagination-is-layout-16018d1d wp-block-query-pagination-is-layout-flex\" aria-label=\"Pagina\u00e7\u00e3o\">\n\n\n<div class=\"wp-block-query-pagination-numbers\"><span aria-current=\"page\" class=\"page-numbers current\">1<\/span>\n<a class=\"page-numbers\" href=\"?query-33-page=2\">2<\/a>\n<a class=\"page-numbers\" href=\"?query-33-page=3\">3<\/a>\n<span class=\"page-numbers dots\">&hellip;<\/span>\n<a class=\"page-numbers\" href=\"?query-33-page=8\">8<\/a><\/div>\n\n<a href=\"\/cmm\/wp-json\/wp\/v2\/pages\/90?query-33-page=2\" class=\"wp-block-query-pagination-next\" aria-label=\"P\u00e1gina seguinte\"><span class='wp-block-query-pagination-next-arrow is-arrow-arrow' aria-hidden='true'>\u2192<\/span><\/a>\n<\/nav><\/div>\n<\/div><\/div>\n","protected":false},"excerpt":{"rendered":"","protected":false},"author":1,"featured_media":0,"parent":0,"menu_order":5,"comment_status":"closed","ping_status":"closed","template":"","meta":{"footnotes":""},"class_list":["post-90","page","type-page","status-publish","hentry"],"_links":{"self":[{"href":"https:\/\/cmmacuco.rj.gov.br\/cmm\/wp-json\/wp\/v2\/pages\/90","targetHints":{"allow":["GET"]}}],"collection":[{"href":"https:\/\/cmmacuco.rj.gov.br\/cmm\/wp-json\/wp\/v2\/pages"}],"about":[{"href":"https:\/\/cmmacuco.rj.gov.br\/cmm\/wp-json\/wp\/v2\/types\/page"}],"author":[{"embeddable":true,"href":"https:\/\/cmmacuco.rj.gov.br\/cmm\/wp-json\/wp\/v2\/users\/1"}],"replies":[{"embeddable":true,"href":"https:\/\/cmmacuco.rj.gov.br\/cmm\/wp-json\/wp\/v2\/comments?post=90"}],"version-history":[{"count":6,"href":"https:\/\/cmmacuco.rj.gov.br\/cmm\/wp-json\/wp\/v2\/pages\/90\/revisions"}],"predecessor-version":[{"id":10002,"href":"https:\/\/cmmacuco.rj.gov.br\/cmm\/wp-json\/wp\/v2\/pages\/90\/revisions\/10002"}],"wp:attachment":[{"href":"https:\/\/cmmacuco.rj.gov.br\/cmm\/wp-json\/wp\/v2\/media?parent=90"}],"curies":[{"name":"wp","href":"https:\/\/api.w.org\/{rel}","templated":true}]}}